of 114371871?
3
What is the units digit of 162616253?
3
What is the units digit of 16343492?
2
What is the millions digit of 197745908?
7
What is the ten millions digit of 209077744?
0
What is the units digit of 580877294?
4
What is the hundred thousands digit of 6117777?
1
What is the hundred thousands digit of 524325729?
3
What is the hundreds digit of 32138216?
2
What is the hundred thousands digit of 1136348849?
3
What is the ten thousands digit of 1688223076?
2
What is the hundred millions digit of 466651781?
4
What is the tens digit of 270498153?
5
What is the thousands digit of 3118294564?
4
What is the thousands digit of 1499217811?
7
What is the units digit of 915213759?
9
What is the millions digit of 2403726457?
3
What is the units digit of 99636500?
0
What is the hundred thousands digit of 437237437?
2
What is the ten thousands digit of 998880742?
8
What is the millions digit of 106404045?
6
What is the thousands digit of 3710052503?
2
What is the thousands digit of 188867040?
7
What is the thousands digit of 4473055930?
5
What is the tens digit of 192620890?
9
What is the ten thousands digit of 85670140?
7
What is the hundreds digit of 454195905?
9
What is the millions digit of 242185371?
2
What is the millions digit of 29511074?
9
What is the ten millions digit of 173226171?
7
What is the hundred thousands digit of 3072405051?
4
What is the hundred thousands digit of 351687249?
6
What is the hundred millions digit of 1544058250?
5
What is the hundred thousands digit of 5929670112?
6
What is the tens digit of 70610773?
7
What is the ten millions digit of 112496927?
1
What is the ten thousands digit of 233200247?
0
What is the ten thousands digit of 908481549?
8
What is the hundreds digit of 7345025872?
8
What is the tens digit of 44571108?
0
What is the tens digit of 124345876?
7
What is the ten thousands digit of 124428443?
2
What is the thousands digit of 65484953?
4
What is the ten thousands digit of 278205320?
0
What is the units digit of 297229088?
8
What is the hundred thousands digit of 45476993?
4
What is the millions digit of 110411082?
0
What is the hundreds digit of 12306565?
5
What is the millions digit of 96038977?
6
What is the millions digit of 87287524?
7
What is the hundred thousands digit of 1376594775?
5
What is the units digit of 302483851?
1
What is the ten millions digit of 19139497?
1
What is the thousands digit of 2850152453?
2
What is the units digit of 1452022822?
2
What is the thousands digit of 281710840?
0
What is the hundred thousands digit of 7346158269?
1
What is the hundreds digit of 512117?
1
What is the ten millions digit of 114750709?
1
What is the units digit of 30091906?
6
What is the tens digit of 118384544?
4
What is the hundreds digit of 896906124?
1
What is the millions digit of 198739531?
8
What is the thousands digit of 592818783?
8
What is the tens digit of 80029154?
5
What is the ten thousands digit of 1290898692?
9
What is the ten millions digit of 317055792?
1
What is the thousands digit of 666867129?
7
What is the hundreds digit of 1121552640?
6
What is the hundreds digit of 398952648?
6
What is the ten thousands digit of 564778315?
7
What is the thousands digit of 4504524?
4
What is the hundreds digit of 67096945?
9
What is the ten thousands digit of 4785370424?
7
What is the billions digit of 1676938829?
1
What is the ten thousands digit of 301082454?
8
What is the units digit of 719159330?
0
What is the units digit of 52578937?
7
What is the units digit of 112319318?
8
What is the hundreds digit of 157534850?
8
What is the thousands digit of 886154315?
4
What is the ten thousands digit of 5770749985?
4
What is the ten thousands digit of 19265835?
6
What is the ten millions digit of 2483205750?
8
What is the millions digit of 21653700?
1
What is the millions digit of 69287412?
9
What is the units digit of 169828918?
8
What is the ten thousands digit of 180408823?
0
What is the ten thousands digit of 1037719673?
1
What is the millions digit of 12509688?
2
What is the thousands digit of 613096419?
6
What is the billions digit of 1372827128?
1
What is the ten thousands digit of 55523664?
2
What is the hundred millions digit of 141477348?
1
What is the hundred thousands digit of 1355806882?
8
What is the hundred millions digit of 151772560?
1
What is the units digit of 45403211?
1
What is the hundreds digit of 2844025698?
6
What is the millions digit of 193897952?
3
What is the ten thousands digit of 243140623?
4
What is the thousands digit of 289120491?
0
What is the hundred millions digit of 238162250?
2
What is the millions digit of 34681428?
4
What is the thousands digit of 1936702896?
2
What is the tens digit of 43275746?
4
What is the millions digit of 20349243?
0
What is the hundreds digit of 81055885?
8
What is the hundreds digit of 1237979874?
8
What is the millions digit of 5082583428?
2
What is the ten millions digit of 39271900?
3
What is the ten millions digit of 89911038?
8
What is the hundreds digit of 49967312?
3
What is the units digit of 629644474?
4
What is the hundred thousands digit of 148505233?
5
What is the hundreds digit of 295091354?
3
What is the units digit of 526523552?
2
What is the tens digit of 1308796706?
0
What is the hundred thousands digit of 291167170?
1
What is the thousands digit of 99065868?
5
What is the tens digit of 104858983?
8
What is the ten millions digit of 353459641?
5
What is the ten millions digit of 470217944?
7
What is the ten thousands digit of 45574632?
7
What is the hundred millions digit of 468817340?
4
What is the ten thousands digit of 2579800218?
0
What is the thousands digit of 28493891?
3
What is the hundreds digit of 40725112?
1
What is the ten thousands digit of 181297211?
9
What is the hundred thousands digit of 4667546789?
5
What is the thousands digit of 5241759?
1
What is the ten millions digit of 218232755?
1
What is the ten millions digit of 43384257?
4
What is the ten thousands digit of 38348311?
4
What is the ten thousands digit of 553059998?
5
What is the thousands digit of 277030247?
0
What is the hundreds digit of 7248691?
6
What is the millions digit of 117304079?
7
What is the ten thousands digit of 4051203411?
0
What is the millions digit of 4057558663?
7
What is the hundred thousands digit of 720147931?
1
What is the thousands digit of 151442827?
2
What is the ten millions digit of 957236477?
5
What is the hundred thousands digit of 854534645?
5
What is the thousands digit of 123888328?
8
What is the ten millions digit of 35115953?
3
What is the hundreds digit of 388841925?
9
What is the ten millions digit of 197094481?
9
What is the thousands digit of 359800239?
0
What is the thousands digit of 12539164?
9
What is the units digit of 83627198?
8
What is the hundred millions digit of 322502862?
3
What is the hundreds digit of 181931837?
8
What is the units digit of 539257111?
1
What is the hundred millions digit of 429203648?
4
What is the thousands digit of 72148422?
8
What is the millions digit of 1095282418?
5
What is the hundred millions digit of 1281016245?
2
What is the hundred millions digit of 1851407129?
8
What is the ten thousands digit of 3264339559?
3
What is the ten thousands digit of 168555601?
5
What is the hundreds digit of 1769590269?
2
What is the ten thousands digit of 2523113312?
1
What is the units digit of 29144782?
2
What is the tens digit of 29196650?
5
What is the billions digit of 1014510474?
1
What is the hundred millions digit of 270842692?
2
What is the ten millions digit of 102439286?
0
What is the tens digit of 447723515?
1
What is the thousands digit of 368554099?
4
What is the hundreds digit of 5210535046?
0
What is the hundreds digit of 149145599?
5
What is the thousands digit of 157353027?
3
What is the hundred millions digit of 203545034?
2
What is the ten millions digit of 128550180?
2
What is the hundred thousands digit of 54878963?
8
What is the ten millions digit of 196632177?
9
What is the ten millions digit of 32599535?
3
What is the millions digit of 307314115?
7
What is the thousands digit of 70540105?
0
What is the hundred millions digit of 103395833?
1
What is the billions digit of 2910862566?
2
What is the ten millions digit of 2401736987?
0
What is the ten